1
Evaluate (-16 - -16 - -10) + (4 - 0).
14
What is the value of -15 + 6 - (4 + -4 + 3)?
-12
1 - (-8 - -3) - 14 - -22
14
What is the value of -28 + 25 + -32 - -59?
24
-5 - (29 + -42 + (13 - 2))
-3
What is -1 + (1 - 0) - (5 - 12)?
7
Calculate 0 + 7 + (-52 - -57).
12
Evaluate (-13 - -6 - 2) + (-27 - -42).
6
What is the value of -15 + 17 + -10 + 18?
10
What is 3 - -1 - (-16 + (-2 - -30))?
-8
(0 - -4) + 3 + (-5 + 20 - 10)
12
-5 - (-24 + (-3 - -46))
-24
-70 + 74 - (2 + 1 + 2)
-1
(-130 - -142) + (1 - 15) + 6
4
Calculate 26 + 1 + (-37 - -2).
-8
-22 - (-9 + (-10 - -26) + -13)
-16
What is the value of 39 + (8 - (3 - -30))?
14
Calculate (35 - 38) + 0 + 2 + (13 - 0).
12
Evaluate 10 + 0 - 11 - -15.
14
What is the value of (7 - (-14 + 5)) + -11?
5
What is -1 + (6 - 14) + 1 + 9?
1
Evaluate -1 + -20 - (-2 - (-3 - 8)).
-30
Evaluate -10 - (-41 + 26 + -17).
22
What is the value of 5 + 1 + 1 + 2 - (4 - 9)?
14
Evaluate -6 + -19 + (49 - 55).
-31
20 + (3 - -4) + -26
1
Calculate (-12 - -6) + (4 - 2) + 2 - 5.
-7
Evaluate 2 - (19 - 5) - ((-1 - 2) + 3).
-12
What is -7 + (-11 - -2) - (0 - 3)?
-13
What is 7 - (3 - (0 - 6))?
-2
(4 - (0 + 3) - 10) + 5
-4
Calculate 39 + (-16 - 39 - -5).
-11
What is the value of 5 + 4 + 0 + 1 + -3 + 0?
7
Evaluate (-9 - -3 - 0 - 2) + -6 + 1.
-13
Calculate 2 + 4 + -2 - (-410 + 399).
15
What is -1 + -10 + (-3 - (21 - 19)) - 1?
-17
6 + -29 + 11 - -25
13
Evaluate 46 - (10 + 7 + -9) - (0 + 8).
30
Evaluate -348 + 343 + (0 - -18).
13
Calculate -15 - (-5 + (4 + -12 - -10 - -2)).
-14
Evaluate 14 - ((8 - 13) + 26).
-7
Evaluate -9 + 28 + -16 + -11.
-8
What is the value of -1253 + 1274 + (-11 - -1) + -2?
9
What is (18 - (9 - (-3 + 3 + 2))) + -11?
0
Calculate -4 - (4 + -21 + 8).
5
(-17 - -25) + 1 - -12
21
What is the value of (-10 - 2) + 16 + -18?
-14
-30 + (0 - (-20 - -24))
-34
-107 + 84 + (3 - 2) + -7
-29
-1 + (-1 - 5) - (-4 - 30 - -28)
-1
What is the value of 7 + -27 + 66 + -24?
22
Evaluate 4 + -7 + (50 + 0 - (-3 + 14)).
36
What is ((7 - 22) + 25 - 6) + -5 + -1?
-2
What is 8 + (-18 - -5 - -1)?
-4
Evaluate (6 - (11 - -1)) + 9 - 3 - -6.
6
What is -14 - 0 - (15 + -8 + -13)?
-8
What is -26 + -2 - (-2 + -6) - -9?
-11
What is the value of 24 + 5 + -45 + 6?
-10
Calculate 8 - (1 - -2) - (239 + -251).
17
What is the value of 11 + -28 + 29 + -11?
1
What is -30 + 30 - (-1 + 4 + -1 + -2)?
0
Calculate (-8 + 14 - 5) + -1 + 11 + -8.
3
What is -27 + 12 + 11 - -8?
4
Evaluate -13 + 39 - 13 - 1.
12
What is 33 + (20 + -79 - -19)?
-7
What is the value of 0 + -23 - (23 + -65 - -41) - -10?
-12
What is 0 - (-18 + -3 + 3 - (28 - 30))?
16
-5185 + 5159 + 1 + (-2 - 1)
-28
19 + (-7 - 5 - (-65 - -47))
25
What is (20 - -5) + (-63 - -25)?
-13
Calculate 0 + -1 - (29 - 9) - (81 - 73).
-29
What is the value of (9 - 4) + 14 + -6 + -4?
9
Calculate 11 + -19 + 0 + 19.
11
Calculate -26 - -29 - (0 - -1) - -1.
3
-8 + (14 - (-11 + 8 + -4)) - -7
20
Calculate 6 - (-22 + (-28 - -12) + 4).
40
What is -8 - (-1 - (-13 + 6 + 15))?
1
-2 - (15 - (-2 + -7 - -18))
-8
What is the value of 1 + (-1 - 0) + (-21 - -4 - -16)?
-1
What is -59 + 38 + 36 + -1 + -45?
-31
What is 147 - 164 - (2 + -14)?
-5
(-10 - (-2 + 3)) + 4
-7
Evaluate -31 + 7 + (-19 - -34).
-9
Calculate 26 + -18 + (1 - 3).
6
Calculate (5 + 3 - (5 - 5)) + -18.
-10
What is 14 - (-47 - -23 - -53)?
-15
What is (-2 - 38) + 40 - 9?
-9
What is 0 + (-1 - (10 + -14 + (0 - 1)))?
4
58 + -68 - (-1 - 0 - (3 - 5))
-11
Calculate -4 + 11 + 15 + (12 - 38).
-4
What is the value of (-1 - 13) + -45 + 48?
-11
Calculate -9 + ((16 - -1) + -37 - (5 - 1)).
-33
Calculate (8 - 6 - -2) + -10.
-6
What is the value of (-2 - -17) + -15 - (-17 - -11)?
6
8 + -7 - (4 + (-8 - (1 - -6)))
12
What is -3 + (-4 + 9 - (9 + -2)) + -26?
-31
(-68 + 7 - -23) + 66
28
(1 - 17) + (40 - 38) - 13
-27
Calculate 0 + -14 - (-33 - (-93 + 41)).
-33
What is 42 + -48 - (-4 - 0)?
-2
Calculate -25 + (-16 - -26) + 12.
-3
What is 3 + 2 - (6 - 15)?
14
-1 + -8 + 87 + -55 + -9
14
Calculate -14 + (4 - 5) + 8.
-7
Calculate (-27 - (56 + -39)) + 35.
-9
Evaluate -2 + 24 + -17 - (0 + -6).
11
Evaluate (1 - -5) + -2 - ((-1 - 12) + 0).
17
Evaluate -202 - -201 - (6 - 0).
-7
Evaluate -23 - (10 - (23 + -4 + -6)).
-20
What is the value of -29 + (11 - 0) - -10?
-8
What is the value of 8 + (-2 - 7) + 4 + -16?
-13
What is the value of -16 + 49 + -8 + -16?
9
What is the value of 1 - ((128 - 123) + (-3 - -1 - 4))?
2
Evaluate -2 + (-13 - 2) + (6 - (-13 - -11)).
-9
Calculate 11 + (-24 - 2) + 5 + 1.
-9
What is the value of 5 - ((-38 - -39) + (-7 - 2))?
13
-56 - -71 - (-16 + -6 + 6)
31
Evaluate 16 + -13 + 15 + -6.
12
Calculate -6 - (-19 + 3 + 8 + 2).
0
What is -91 + 83 + ((-7 - -2) + 2 - 2)?
-13
What is the value of 7 + -6 + (9 - (0 - (-1 + -2)))?
7
Evaluate -1 - (29 - 17 - 16).
3
What is the value of -1 + 15 + -98 + 91 - (1 - 2)?
8
15 - (20 + (-9 - 17))
21
Calculate (-1 - 5) + (6 - -3) + -25.
-22
Calculate 27 + -18 + 9 + -13.
5
Evaluate 1 - (-107 + 121 + -1 + 2).
-14
What is the value of 15 + -2 - 15 - (-2 + 17 - 2)?
-15
Calculate 1 - (-17 + 26) - (-2 + 10).
-16
Calculate 3 + -6 + -25 - (-7 + (-19 - -16)).
-18
Calculate (0 - -11) + -4 + (12 - 3) + -6.
10
What is the value of 0 - 8 - (-15 + -1) - (2 + 2)?
4
5 + (-28 - -18) + -2
-7
What is the value of (13 - 2 - 14 - 0) + 8?
5
Calculate -122 - -98 - (-32 - -7 - -7).
-6
What is 35 + -2 - (20 + 26)?
-13
Calculate -13 + (2 - (-2 + 7 + 9)).
-25
Calculate -2 + -14 + 9 + (-13 - -17).
-3
What is (-49 + 44 - (2 - -2)) + -9?
-18
What is 18 + (-6 - 6 - -10)?
16
Calculate -9 + (-29 - -11) + 34.
7
(-46 - -113) + -29 + -13
25
What is the value of 5 - (-19 + (5 + 5 - 2))?
16
What is -16 - -3 - (10 + -1 + -18 + 5)?
-9
What is the value of (0 - 9) + 152 + -145?
-2
What is the value of 8 + 1 - (29 + 1 + -30)?
9
What is the value of (13 - 17) + -2 - -9?
3
Evaluate -9 - 6 - (32 + -13).
-34
10 - (1 + -5) - 16 - -24
22
Calculate (-15 - (-10 - 17)) + -26.
-14
(4 + -13 - -10) + -1 + (1 - 9)
-8
7 - (-7 + 0 + -9 - -36)
-13
What is 569 + -586 - (16 - -1)?
-34
(-4 - -4) + 44 + -35 + -17
-8
Evaluate -15 + 4 - (-41 - -16).
14
What is 5 + -20 + 25 + -11?
-1
What is the value of -25 - ((-26 - -29) + -6)?
-22
What is the value of 17 + -14 - (4 - 5) - -3?
7
Calculate 0 + 0 - 11 - ((69 - 63) + -8).
-9
Evaluate -694 + 665 - (0 - 11).
-18
2 - (9 - 11 - 7)
11
What is -6 - (15 + -9 + (-1 - -4) + -30)?
15
What is the value of 57 - 51 - (1 - -2) - 5?
-2
What is the value of 0 + 9 + (-12 - -3) + 1 + 7?
8
What is 9 - (-38 - -51) - (-8 + (-1 - -2))?
3
-8 + (-12 - -10) - (-20 + 5)
5
What is 1 + -1 + 4 - (24 + -25)?
5
Calculate (-21 - -8 - 4) + 21.
4
What is -2 + -6 - (-10 + 13)?
-11
What is the value of 7 + 2 + -11 - -7 - 9?
-4
What is (-20 - (-43 + 12)) + (16 - 0)?
27
2 + -26 - (5 - 55)
26
What is the value of -11 - (-34 - (-6 + 13 - 0))?
30
1 + -56 - (60 + -144 + 66)
-37
4 - 4 - (-4 + (-3 - -4))
3
2 + -2 - (16 - (12 - 3) - 2)
-5
Calculate 4 + (9 - (-4 + 12 + -4)).
9
What is -17 + 1 + (-10 - (-9 - 12)) + -14?
-19
What is (16 - 12) + -4 - 18 - -10?
-8
Calculate -10 - ((18 - 10) + (2 - (-2 + 8))).
-14
-1 + 2 + (94 - 92) + 9 + 0
12
Calculate -24 - -23 - -7 - (0 - -5).
1
4 + -9 + -2 + 43 + -36 + 24
24
What is the value of 10 + (5 - (-17 + 28))?
4
Calculate 0 + (5 - 4 - 1 - -5 - -1).
6
What is -6 + -4 - (0 + (0 - -4))?
-14
Evaluate 1 + 5 + 10 + -34 + 9.
-9
Evaluate -4 - (52 - 58 - (1 - -3)) - -9.
15
Evaluate 1 - 5 - (-79 + 90).
-15
Evaluate -10 + -4 + 11 + (0 - -6).
3
Calculate -2 - -2 - (4 + 0) - (13 - 3).
-14
Evaluate -3 + (-4 - ((2 - 1) + -5)).
-3
What is (-12 - (5 - -1 - (21 + -11))) + 25?
17
What is (-6 - 3) + (8 - (8 + -2) - 1)?
-8
Calculate ((-7 - -10) + (0 - -1) - 5) + 2.
1
What is (-7 - (-13 - 8)) + (26 - 41)?
-1
(-8 - (-22 - -14)) + 1 + -6
-5
4 + -17 + 0 + -14 + 0
-27
Calculate 9 + -22 + (27 - 15) + (6 - 2).
3
What is (-2 - 6) + -4 + 0 + 2?
-10
What is the value of 33 - (-1 + 1) - (-46 + 53)?
26
Calculate -4 + 3 + 2 - (15 + 2 - -19).
-35
What is 14 - (-13 - -4) - 11?
12
5 + (-25 - -10) + 11
1
38 + 27 + -35 - 3
27
12 - (4 - 10 - (-4 + (-5 - 3)))
6
What is the value of 3 + (2 - (-1 + 5)) - -4?
5
1 + 1 + -1 - (-19 - -15) - -5
10
What is (-2 - (6 + -7)) + -9?
-10
What is 12 - 3 - (8 - 2) - -6?
9
Evaluate (38 - 66 - -2) + 35.
9
What is the value of (-6 - 34) + (-6 - (8 + -4)) + 14?
-36
Evaluate 9 - (3 + -11 + 21) - (7 + 